 -570 (base 10) to base 9.
-703
Convert -42043313 (base 6) to base 14.
-23a35b
What is 444233124 (base 5) in base 8?
7330667
What is 476a1 (base 11) in base 7?
404226
What is -155734 (base 9) in base 16?
-17761
Convert 25422 (base 12) to base 5.
3110324
What is -54148 (base 9) in base 15?
-a94b
Convert 14533213 (base 7) to base 14.
28140a
316154 (base 9) to base 11
119452
Convert 35371733 (base 8) to base 13.
17a8661
-3215434 (base 9) to base 11
-a77558
1564288 (base 10) to base 11
979300
What is -1cb0d (base 15) in base 11?
-64373
b5374 (base 13) to base 4
1033201332
What is -10cbb89 (base 15) in base 10?
-12037854
Convert 46076 (base 12) to base 2.
10110110011011010
What is -2531654 (base 7) in base 13?
-b5c22
What is -42415124 (base 6) in base 15?
-19955d
What is 31130112300 (base 4) in base 10?
3524016
What is 450351 (base 9) in base 7?
2201050
Convert -1221200122101 (base 3) to base 6.
-34121231
Convert 311300220 (base 5) to base 9.
2353043
What is -13c27b (base 13) in base 15?
-98520
Convert -63104051 (base 8) to base 2.
-110011001000100000101001
Convert -922c3 (base 14) to base 16.
-55e33
2487c3 (base 14) to base 7
13435333
Convert -6941138 (base 11) to base 9.
-24751366
Convert -3362260 (base 7) to base 8.
-1461450
What is 13d62 (base 16) in base 12?
3b02a
-32723415 (base 8) to base 12
-24429a5
-112011122221021 (base 3) to base 7
-121010062
102002212202102 (base 3) to base 10
5902535
-5745096 (base 10) to base 7
-66555360
Convert -134cef (base 16) to base 15.
-19eba4
What is -172173 (base 8) in base 16?
-f47b
Convert 9327d7 (base 15) to base 6.
405531121
-1808a (base 14) to base 11
-414a1
-366175 (base 8) to base 4
-132301331
Convert 11013322110 (base 4) to base 10.
1343124
-9222a1 (base 13) to base 15
-473732
-112220011212 (base 3) to base 13
-a35b0
Convert -101141403 (base 5) to base 2.
-1100100100111000111
2413315 (base 7) to base 6
10321111
Convert 487ae8 (base 15) to base 11.
1a5a007
4421536 (base 8) to base 15
18731c
-1111001000100000101110 (base 2) to base 14
-7539ca
Convert 140133000 (base 5) to base 6.
23104032
Convert 4601c (base 16) to base 13.
a0697
-1011100111100100 (base 2) to base 7
-255512
What is 490075 (base 11) in base 8?
2753567
Convert -dd3e (base 15) to base 14.
-13111
Convert 4363 (base 13) to base 12.
5514
11100001101100000 (base 2) to base 9
185451
Convert -521101 (base 6) to base 10.
-41725
Convert b28c (base 16) to base 8.
131214
What is -72bb9b (base 16) in base 6?
-425054443
1373437 (base 10) to base 12
562991
56a261 (base 11) to base 2
11011101010111100000
What is 43438 (base 14) in base 16?
27baa
Convert -731b8 (base 13) to base 10.
-206838
Convert -405f (base 16) to base 14.
-6011
Convert -12420321 (base 5) to base 7.
-1022134
1143044243 (base 5) to base 4
22110230112
232001322011 (base 4) to base 3
211201001001002
Convert 1815899 (base 11) to base 9.
5717153
4602640 (base 9) to base 14
488766
Convert -221000221120 (base 3) to base 7.
-4121430
10132353 (base 6) to base 11
18a572
What is 701c (base 13) in base 7?
62624
307909 (base 14) to base 15
224438
58837 (base 9) to base 5
2224234
What is -251304105 (base 6) in base 16?
-49b269
What is -95412 (base 13) in base 8?
-1014665
Convert -60da8 (base 15) to base 6.
-10324305
-116c70 (base 14) to base 10
-595154
Convert -135263 (base 9) to base 2.
-10100001010100100
Convert -411580 (base 10) to base 13.
-115450
What is -b1bab (base 15) in base 5?
-121003021
-11ab6d3 (base 14) to base 10
-8483065
What is 130762 (base 9) in base 15?
187a5
What is 2114123102 (base 5) in base 2?
10000111100100010100101
Convert 2260234 (base 7) to base 2.
1000101001100110001
What is 321021103 (base 4) in base 3?
102220002011
1244112202 (base 5) to base 8
13700723
Convert 2310 (base 8) to base 12.
860
220667 (base 8) to base 4
102012313
-1c7d39 (base 16) to base 11
-1065832
What is 3542 (base 6) in base 10?
854
Convert -5344355 (base 6) to base 4.
-1000022033
Convert 11022000222200 (base 3) to base 13.
61c764
What is 5676409 (base 10) in base 12?
1a98b61
What is 232433414 (base 5) in base 15?
15e8c4
Convert -1110010110010000001110 (base 2) to base 7.
-43653333
-505435 (base 6) to base 9
-61035
Convert -12212202212002 (base 3) to base 16.
-2faf7d
Convert 1171336 (base 8) to base 2.
1001111001011011110
Convert 26139 (base 11) to base 12.
197b3
What is 1010111110010001011 (base 2) in base 14?
95071
What is 50803 (base 13) in base 5?
14103120
What is 34a6cf (base 16) in base 9?
6438262
What is -10111011001001 (base 2) in base 5?
-340402
What is 21020112202211 (base 3) in base 11?
2199859
What is 3a35497 (base 12) in base 11?
6557558
What is -11005 (base 12) in base 2?
-101011111000101
11269 (base 14) to base 15
c515
What is 3130301323 (base 5) in base 6?
351104351
What is 480888 (base 9) in base 10?
289412
Convert -4a625 (base 13) to base 7.
-1111113
What is 76bb36 (base 13) in base 8?
12525710
1010011101100000001001 (base 2) to base 3
12011022200222
What is df7b2 (base 16) in base 6?
31341510
Convert 354929 (base 10) to base 16.
56a71
What is 551b461 (base 12) in base 6?
1335311001
Convert 1052213425 (base 6) to base 14.
177922d
What is -3a908 (base 11) in base 12?
-2990a
Convert -401771 (base 8) to base 2.
-100000001111111001
What is -851d34 (base 14) in base 9?
-8417761
What is -808b6a (base 13) in base 4?
-23121330223
4521596 (base 10) to base 15
5e4aeb
Convert -134212530 (base 6) to base 11.
-15a0253
8cce (base 15) to base 2
111010011000110
Convert -3411124 (base 7) to base 10.
-422986
Convert 378455 (base 9) to base 12.
b0828
What is 7647a2 (base 12) in base 6?
104101122
Convert -4103102312 (base 5) to base 13.
-192c904
What is 1630033 (base 7) in base 16?
371b6
What is -54c8b9 (base 15) in base 7?
-46232550
Convert 13461015 (base 7) to base 10.
1258479
-379a6c (base 13) to base 11
-832303
2645 (base 12) to base 13
1cb5
-323121201 (base 5) to base 2
-101010000110011011111
-12020112121212 (base 3) to base 6
-135413552
What is -9ca6b (base 15) in base 8?
-1715454
-1210111103 (base 4) to base 9
-685655
Convert 361848 (base 12) to base 14.
18a65a
What is -221210161 (base 7) in base 8?
-62664014
What is -11011001111001101001111 (base 2) in base 14?
-d3c167
10003451 (base 6) to base 5
32441014
14245320 (base 7) to base 2
101000110111101100001
Convert 578087 (base 9) to base 8.
1245713
What is 144420 (base 13) in base 15?
9ba1c
What is 2000123100 (base 4) in base 7?
4320423
What is 17067 (base 16) in base 12?
466b3
What is 21067 (base 12) in base 11?
2a575
-1225604 (base 7) to base 14
-41874
What is 515510 (base 12) in base 4?
10313012130
Convert -1534704 (base 13) to base 12.
-232abb0
What is 226c3c (base 16) in base 7?
25114030
Convert -113250144 (base 6) to base 9.
-3883271
What is 10256733 (base 9) in base 2?
10010110101110001011011
1abcb4 (base 13) to base 4
2212303231
Convert 82a69 (base 11) to base 7.
1012663
b5d3 (base 16) to base 4
23113103
Convert -2b22731 (base 12) to base 11.
-4a3a916
What is 1122222111000 (base 3) in base 5?
211312412
What is 10013232301 (base 5) in base 9?
20556873
13016862 (base 10) to base 15
1221cac
Convert -11612828 (base 9) to base 10.
-5677397
What is -2122020 (base 11) in base 10?
-3736139
What is -4526bc (base 13) in base 7?
-16612336
What is 6477ba (base 12) in base 9?
2881847
-11200210000 (base 3) to base 12
-45599
-377186 (base 10) to base 3
-201011101212
26451417 (base 8) to base 15
7bddd8
Convert 23032032 (base 4) to base 11.
31598
-1331013 (base 7) to base 15
-37086
What is -3113765 (base 8) in base 12?
-339759
Convert ae71a8 (base 15) to base 7.
130526351
-5719 (base 13) to base 6
-132234
-20422134 (base 5) to base 9
-278535
What is -11414333 (base 6) in base 10?
-359985
10124101 (base 5) to base 4
110101102
What is -131b97 (base 13) in base 9?
-772525
Convert 4755201 (base 9) to base 15.
35d29a
What is -341021414 (base 6) in base 5?
-3042130320
Convert -32101504 (base 6) to base 9.
-1684184
-10530758 (base 9) to base 6
-301140125
17a94c (base 13) to base 2
10010001001101010111
Convert -30620 (base 7) to base 15.
-235b
Convert -57372215 (base 8) to base 9.
-25373621
What is -c0510 (base 15) in base 13?
-184056
-271a59 (base 15) to base 7
-21653436
f6a6c (base 16) to base 11
630050
20022210221 (base 3) to base 15
26d67
What is 125308e (b